8
Convert ad80b (base 14) to base 13.
119a73
Convert 11001011001110111 (base 2) to base 12.
50273
What is 13223031310 (base 4) in base 6?
111042524
What is 1a18608 (base 11) in base 8?
15000336
Convert 7913 (base 11) to base 14.
3b24
What is 6b0289 (base 12) in base 4?
12210102021
-100221220200 (base 3) to base 11
-124317
Convert -3142034 (base 9) to base 11.
-a49048
What is 111302332 (base 4) in base 13?
31837
Convert -2230176 (base 8) to base 9.
-1117103
What is -62135541 (base 7) in base 10?
-5202555
Convert -1428028 (base 10) to base 6.
-50335124
49645 (base 13) to base 11
92548
3a9 (base 11) to base 8
742
240150 (base 8) to base 5
10111044
What is 400872 (base 10) in base 6?
12331520
What is -47365 (base 9) in base 5?
-2003044
-31143002 (base 6) to base 14
-196030
8bedb (base 15) to base 2
1101100110000101001
-1874331 (base 10) to base 5
-434434311
Convert -4615156 (base 7) to base 4.
-2030202130
What is -37525 (base 16) in base 5?
-24222342
What is 10011110000000000 (base 2) in base 5?
10042041
What is 34d43 (base 14) in base 3?
20112201112
Convert -666552 (base 7) to base 2.
-11100101101010100
What is 21e975 (base 15) in base 6?
54410132
What is 3816635 (base 9) in base 13?
579bb1
-1733230 (base 9) to base 10
-966843
-10507666 (base 9) to base 14
-964a11
What is -1825705 (base 10) in base 4?
-12331232221
Convert -15064163 (base 7) to base 16.
-15c8cc
What is -1b03a8 (base 15) in base 11?
-81a5a9
2261705 (base 9) to base 4
10222100033
Convert 102002000100 (base 3) to base 13.
782a9
110100001011001110 (base 2) to base 10
213710
What is 10112101200 (base 3) in base 14?
1b4b5
216766 (base 10) to base 13
77884
What is -2021011212001 (base 3) in base 4?
-10211333221
What is 11064271 (base 8) in base 12?
970a21
1035500 (base 6) to base 14
14c44
What is -414213333 (base 5) in base 4?
-12201212010
What is -11111111001110100101110 (base 2) in base 11?
-47a252a
Convert -200210221222 (base 4) to base 6.
-503003054
-3151435 (base 6) to base 2
-100101101111101111
Convert -a0b22 (base 15) to base 9.
-854785
Convert -220337 (base 15) to base 6.
-54423211
243625 (base 10) to base 2
111011011110101001
What is 111414333 (base 5) in base 15?
9c8b3
What is -11010010110111001001100 (base 2) in base 11?
-399a249
Convert 10111110100011011 (base 2) to base 14.
277ab
Convert -159955 (base 11) to base 13.
-887a7
-14d34 (base 15) to base 9
-112034
Convert -1221320032 (base 4) to base 11.
-276913
430dc3 (base 15) to base 14
5d1627
-2a2028 (base 11) to base 14
-c3a16
Convert 226393 (base 15) to base 9.
3071103
What is 11110011101101000 (base 2) in base 4?
132131220
Convert -18916a (base 12) to base 15.
-8784d
12043200 (base 6) to base 3
201021002200
Convert 371261 (base 12) to base 9.
1611871
What is 28639 (base 13) in base 6?
1342424
Convert 213362 (base 10) to base 3.
101211200022
-292969 (base 14) to base 8
-5346401
Convert -158048 (base 11) to base 3.
-110110000110
Convert -95961 (base 11) to base 3.
-21002110122
-2aae12 (base 16) to base 13
-76c197
What is 5665655 (base 8) in base 4?
11312232231
1112105 (base 8) to base 10
300101
What is -5032003 (base 6) in base 15?
-4a603
1413910 (base 10) to base 12
58229a
1439734 (base 10) to base 8
5373766
-10122121 (base 5) to base 9
-135504
-1767105 (base 8) to base 15
-a3eee
Convert 23ad88 (base 14) to base 15.
191ba4
Convert -40d98 (base 14) to base 3.
-21221110121
Convert 330212000332 (base 4) to base 12.
53a03ba
3341110140 (base 5) to base 11
417a071
What is -b5158 (base 13) in base 9?
-545323
What is 143241321 (base 5) in base 16?
b94b1
What is 10111011101001110001 (base 2) in base 6?
24250241
What is 17c801 (base 13) in base 6?
20500505
-21221210010 (base 3) to base 5
-20002301
-2512221 (base 6) to base 12
-65671
5674092 (base 10) to base 5
2423032332
-db0b84 (base 16) to base 7
-233006165
What is 2026a (base 14) in base 15?
17d98
-3023233200 (base 4) to base 15
-117403
Convert 440263 (base 7) to base 3.
10220120221
230656 (base 12) to base 16
88ea2
What is -214671 (base 9) in base 8?
-372175
Convert -853bb (base 12) to base 7.
-1326335
-101467 (base 8) to base 4
-20030313
What is 100110011100100001 (base 2) in base 12?
77169
Convert -bea8 (base 16) to base 14.
-13b04
c63435 (base 13) to base 6
243154333
What is 551336 (base 8) in base 16?
2d2de
What is 14657 (base 12) in base 9?
43174
Convert -311003555 (base 6) to base 4.
-110132020133
-211531523 (base 6) to base 10
-3729003
Convert -1209003 (base 10) to base 8.
-4471253
83056 (base 9) to base 11
38131
Convert 1ea39c (base 16) to base 3.
10210000102001
What is -30230021 (base 5) in base 4?
-323031033
What is 4a10a7 (base 14) in base 4?
21223231223
1131124422 (base 5) to base 8
11723521
Convert -200352041 (base 6) to base 14.
-64334d
What is -213313033 (base 5) in base 2?
-11011111110010100011
What is 103466 (base 9) in base 2?
1111000010110100
Convert 7aa15 (base 16) to base 15.
9dc63
1201210401 (base 5) to base 8
12410560
Convert -254ba (base 13) to base 12.
-33a88
Convert -11400215 (base 7) to base 12.
-407782
-2021120222001 (base 3) to base 2
-100100111111110001101
What is -822717 (base 11) in base 2?
-101000010100100000001
Convert -116144 (base 9) to base 11.
-48742
22002131233 (base 4) to base 15
36eaaa
-222135 (base 9) to base 10
-132791
-166718 (base 9) to base 4
-121033031
-1553033 (base 7) to base 10
-214742
112431544 (base 6) to base 16
1fdd58
-125044556 (base 7) to base 12
-2824282
-4fa30 (base 16) to base 10
-326192
What is 101011002221 (base 3) in base 15?
3e31a
-13160501 (base 7) to base 2
-100100110111010001101
What is 3232002121 (base 4) in base 3?
1211112110011
-442141123 (base 5) to base 12
-782606
273d2 (base 15) to base 13
4530b
-171048 (base 16) to base 9
-2753340
What is 1074572 (base 8) in base 14?
78c1c
Convert 12efca (base 16) to base 4.
10232333022
What is 21668502 (base 9) in base 4?
220002303332
What is 85208 (base 9) in base 4?
31233233
Convert -3634165 (base 7) to base 10.
-462460
What is -2000011100 (base 3) in base 16?
-9a3b
What is 3617246 (base 9) in base 15?
28ad40
Convert 147861 (base 10) to base 15.
2dc26
What is 10100022222121 (base 3) in base 2?
110110010000101100100
-107617 (base 12) to base 11
-169780
What is -210202110221 (base 3) in base 2?
-1101000100011110000
Convert -50151 (base 10) to base 14.
-143c3
What is ba229a (base 12) in base 5?
1223321444
Convert 1d1e (base 15) to base 10.
6329
What is 22021212200120 (base 3) in base 11?
253a7aa
442560 (base 8) to base 16
24570
Convert -20055031 (base 6) to base 12.
-234477
-356a32 (base 12) to base 13
-242495
Convert 53710 (base 9) to base 6.
432400
What is -110110001011010 (base 2) in base 4?
-12301122
What is -100222101220102 (base 3) in base 9?
-10871812
What is -2a990a0 (base 13) in base 6?
-1204232204
Convert 3302011 (base 6) to base 2.
100111111110010111
12614 (base 11) to base 12
a538
What is 6322699 (base 11) in base 10?
11145297
What is c5bdd (base 14) in base 9?
806360
-31d7a (base 15) to base 11
-a8a20
Convert -722d14 (base 14) to base 8.
-16536666
Convert 1120628 (base 11) to base 3.
10200201020202
Convert 886b4 (base 12) to base 15.
38827
Convert -1430123314 (base 5) to base 4.
-32110231102
What is -b8523 (base 12) in base 7?
-2030325
Convert -22015420 (base 6) to base 5.
-131440331
What is 135417 (base 12) in base 16?
4e313
Convert -423a7 (base 14) to base 5.
-20104022
Convert -1440404221 (base 5) to base 14.
-71dbc6
Convert 1000100101100010 (base 2) to base 3.
1210020121
114252204 (base 7) to base 12
2467a83
What is -9f9a4 (base 16) in base 10?
-653732
-1110010011011000100 (base 2) to base 12
-1a7284
Convert -15885 (base 16) to base 4.
-111202011
What is -11111011010111000 (base 2) in base 16?
-1f6b8
What is -1223011104 (base 5) in base 10?
-2938279
Convert -20002222201 (base 3) to base 6.
-2324501
-62a6a (base 13) to base 16
-2b582
What is -1232443431 (base 5) in base 3?
-12200012110212
49764 (base 14) to base 6
3504300
-1633783 (base 10) to base 6
-55003451
252099 (base 10) to base 16
3d8c3
Convert 1dd724 (base 14) to base 16.
106484
Convert -1348475 (base 13) to base 16.
-5cabc0
What is -10111011011110100001 (base 2) in base 16?
-bb7a1
Convert -18421658 (base 9) to base 13.
-1c01342
-1010110011001111000100 (base 2) to base 5
-1211100200
-10042030301 (b